7606130?
7
What is the millions digit of 2645193538?
5
What is the millions digit of 7064332?
7
What is the ten thousands digit of 2769765866?
6
What is the tens digit of 4980975882?
8
What is the millions digit of 30024361?
0
What is the ten millions digit of 319550844?
1
What is the tens digit of 414305535?
3
What is the units digit of 722684851?
1
What is the hundred thousands digit of 738545520?
5
What is the units digit of 443524141?
1
What is the ten millions digit of 856374484?
5
What is the millions digit of 7020977?
7
What is the units digit of 58375068?
8
What is the hundred thousands digit of 75376892?
3
What is the billions digit of 1844872076?
1
What is the units digit of 86510110?
0
What is the tens digit of 1575983901?
0
What is the tens digit of 61794147?
4
What is the hundreds digit of 111490801?
8
What is the billions digit of 2777598632?
2
What is the thousands digit of 194444970?
4
What is the hundred thousands digit of 39687441?
6
What is the thousands digit of 108675179?
5
What is the units digit of 1345322775?
5
What is the hundred millions digit of 883895626?
8
What is the ten millions digit of 162857773?
6
What is the millions digit of 62220190?
2
What is the billions digit of 2006558213?
2
What is the hundred millions digit of 2580233823?
5
What is the hundred millions digit of 278223059?
2
What is the hundred thousands digit of 196712787?
7
What is the millions digit of 47023872?
7
What is the hundred millions digit of 3524608789?
5
What is the ten millions digit of 174777553?
7
What is the ten millions digit of 1107132501?
0
What is the ten millions digit of 409069731?
0
What is the ten millions digit of 51863543?
5
What is the hundred millions digit of 6224593789?
2
What is the hundred millions digit of 3199886176?
1
What is the hundred millions digit of 904974549?
9
What is the hundred thousands digit of 94570090?
5
What is the millions digit of 1270306024?
0
What is the ten thousands digit of 84360689?
6
What is the hundreds digit of 4022055624?
6
What is the hundred millions digit of 240946169?
2
What is the hundred millions digit of 653555618?
6
What is the thousands digit of 210071922?
1
What is the thousands digit of 157161223?
1
What is the ten millions digit of 108961071?
0
What is the tens digit of 126629780?
8
What is the tens digit of 391584355?
5
What is the ten thousands digit of 2302208171?
0
What is the hundred millions digit of 1326641524?
3
What is the hundred millions digit of 1904641636?
9
What is the thousands digit of 1297708099?
8
What is the thousands digit of 293178910?
8
What is the units digit of 54757452?
2
What is the ten millions digit of 93260163?
9
What is the units digit of 4184718024?
4
What is the ten millions digit of 123894211?
2
What is the tens digit of 3609810371?
7
What is the hundreds digit of 3962759572?
5
What is the millions digit of 44732266?
4
What is the units digit of 879889496?
6
What is the units digit of 161407676?
6
What is the tens digit of 305937298?
9
What is the tens digit of 117416850?
5
What is the units digit of 132957310?
0
What is the hundred millions digit of 129863937?
1
What is the billions digit of 2239402878?
2
What is the billions digit of 1706173166?
1
What is the units digit of 2531760596?
6
What is the hundreds digit of 2831894562?
5
What is the ten millions digit of 14087211?
1
What is the hundred thousands digit of 48801603?
8
What is the hundred thousands digit of 1859723?
8
What is the hundred millions digit of 7667494037?
6
What is the hundred millions digit of 116963817?
1
What is the hundreds digit of 110502548?
5
What is the millions digit of 345519828?
5
What is the tens digit of 140764773?
7
What is the hundred thousands digit of 471328461?
3
What is the units digit of 2149275191?
1
What is the hundred thousands digit of 84982419?
9
What is the units digit of 4033820021?
1
What is the hundreds digit of 980022122?
1
What is the units digit of 366815887?
7
What is the tens digit of 55279562?
6
What is the millions digit of 2947494579?
7
What is the hundreds digit of 45578719?
7
What is the hundreds digit of 1435985048?
0
What is the units digit of 349193271?
1
What is the thousands digit of 25359501?
9
What is the hundred thousands digit of 42970342?
9
What is the hundreds digit of 3121413262?
2
What is the tens digit of 349377263?
6
What is the ten millions digit of 477872439?
7
What is the thousands digit of 1892033831?
3
What is the hundreds digit of 9814568?
5
What is the hundred thousands digit of 405307?
4
What is the units digit of 3704244?
4
What is the units digit of 50750842?
2
What is the units digit of 5436756973?
3
What is the thousands digit of 1906909082?
9
What is the millions digit of 394952451?
4
What is the ten millions digit of 28360073?
2
What is the thousands digit of 1286995574?
5
What is the hundreds digit of 38212554?
5
What is the hundred thousands digit of 68944362?
9
What is the hundreds digit of 22696859?
8
What is the ten thousands digit of 81614494?
1
What is the hundred millions digit of 1234730848?
2
What is the hundred millions digit of 2169480611?
1
What is the ten thousands digit of 236973519?
7
What is the thousands digit of 1594137380?
7
What is the tens digit of 4264494505?
0
What is the units digit of 65956804?
4
What is the millions digit of 40635385?
0
What is the ten thousands digit of 180907553?
0
What is the thousands digit of 64769067?
9
What is the ten thousands digit of 287651698?
5
What is the millions digit of 49617732?
9
What is the hundreds digit of 12645081?
0
What is the units digit of 50485973?
3
What is the ten thousands digit of 230840843?
4
What is the tens digit of 2965243605?
0
What is the ten millions digit of 126432454?
2
What is the ten millions digit of 886057372?
8
What is the hundred thousands digit of 18226086?
2
What is the ten thousands digit of 543572031?
7
What is the millions digit of 157439064?
7
What is the units digit of 112355219?
9
What is the tens digit of 421318967?
6
What is the units digit of 134777818?
8
What is the units digit of 36008755?
5
What is the units digit of 192445655?
5
What is the tens digit of 344162021?
2
What is the hundreds digit of 90363462?
4
What is the thousands digit of 1674843180?
3
What is the hundred thousands digit of 1122219673?
2
What is the tens digit of 1837383806?
0
What is the ten millions digit of 32133876?
3
What is the units digit of 130937183?
3
What is the ten millions digit of 92466229?
9
What is the hundred millions digit of 207372141?
2
What is the thousands digit of 41204923?
4
What is the hundred millions digit of 654554180?
6
What is the hundred thousands digit of 50711731?
7
What is the tens digit of 81184458?
5
What is the tens digit of 18398186?
8
What is the hundred thousands digit of 29507576?
5
What is the ten millions digit of 4347082997?
4
What is the ten millions digit of 221057318?
2
What is the ten millions digit of 80542566?
8
What is the ten millions digit of 1099234729?
9
What is the tens digit of 86194283?
8
What is the hundreds digit of 25119760?
7
What is the millions digit of 40295212?
0
What is the hundred thousands digit of 720710072?
7
What is the ten thousands digit of 1326483478?
8
What is the hundred millions digit of 1218844851?
2
What is the ten millions digit of 161646864?
6
What is the millions digit of 25517903?
5
What is the units digit of 447487721?
1
What is the ten thousands digit of 347613973?
1
What is the thousands digit of 2843611022?
1
What is the ten millions digit of 106941466?
0
What is the millions digit of 84008464?
4
What is the tens digit of 32385007?
0
What is the units digit of 1901955591?
1
What is the hundred thousands digit of 303551612?
5
What is the hundreds digit of 77800025?
0
What is the tens digit of 90106151?
5
What is the thousands digit of 64899424?
9
What is the millions digit of 41701743?
1
What is the hundred millions digit of 703007401?
7
What is the hundred thousands digit of 705260457?
2
What is the ten thousands digit of 22455463?
5
What is the ten thousands digit of 155143821?
4
What is the hundreds digit of 49833506?
5
What is the ten millions digit of 24881355?
2
What is the hundred thousands digit of 35497663?
4
What is the tens digit of 7221